{"id":55,"date":"2021-06-09T21:48:38","date_gmt":"2021-06-09T21:48:38","guid":{"rendered":"https:\/\/www.greg.pl\/blog\/home-3\/"},"modified":"2021-08-25T00:23:40","modified_gmt":"2021-08-25T00:23:40","slug":"start","status":"publish","type":"page","link":"https:\/\/www.greg.pl\/blog\/","title":{"rendered":"Start"},"content":{"rendered":"<section class=\"wpb-content-wrapper\"><p>[vc_row][vc_column]<div  class=\"jeg_slider_wrapper jeg_slider_type_4_wrapper jeg_owlslider jnews_module__0_6a94c606b3df6  \">\n                    <div class=\"jeg_slider_type_4 jeg_slider\" data-autoplay=\"\" data-delay=\"3000\">\n                        <div class=\"jeg_slide_item_wrapper\"><div class=\"jeg_slide_item format-standard\" style=\"background-image: url(https:\/\/www.greg.pl\/blog\/wp-content\/uploads\/2026\/08\/napisane-kreda.png)\">\n\t\t\t\t\t\n                    \n                    <div class=\"jeg_slide_caption\">\n                        <div class=\"jeg_caption_container\">\n                            <div class=\"jeg_post_category\">\n                                <a href=\"https:\/\/www.greg.pl\/blog\/kategoria\/dla-rodzicow\/\" class=\"category-dla-rodzicow\">Dla rodzic\u00f3w<\/a>\n                            <\/div>\n                            <h2 class=\"jeg_post_title\">\n                                <a href=\"https:\/\/www.greg.pl\/blog\/kompas-jutra-zmiany-w-podstawie-programowej-na-rok-2026-2027-co-powinni-wiedziec-rodzice\/\">Kompas Jutra \u2013 zmiany w podstawie programowej na rok 2026\/2027. Co powinni wiedzie\u0107 rodzice?<\/a>\n                            <\/h2>\n                            <div class=\"jeg_post_meta\"><span class=\"jeg_meta_date\">2 dni temu<\/span><\/div>\n                        <\/div>\n                    <\/div>\n                <\/div><\/div><div class=\"jeg_slide_item_wrapper\"><div class=\"jeg_slide_item format-standard\" style=\"background-image: url(https:\/\/www.greg.pl\/blog\/wp-content\/uploads\/2026\/08\/smutne-dziecko-boi-sie-szkoly-1140x815.jpg)\">\n\t\t\t\t\t\n                    \n                    <div class=\"jeg_slide_caption\">\n                        <div class=\"jeg_caption_container\">\n                            <div class=\"jeg_post_category\">\n                                <a href=\"https:\/\/www.greg.pl\/blog\/kategoria\/dla-dzieci\/\" class=\"category-dla-dzieci\">Dla dzieci<\/a>\n                            <\/div>\n                            <h2 class=\"jeg_post_title\">\n                                <a href=\"https:\/\/www.greg.pl\/blog\/dziecko-boi-sie-wrocic-do-szkoly-po-wakacjach-jak-mu-pomoc\/\">Dziecko boi si\u0119 wr\u00f3ci\u0107 do szko\u0142y po wakacjach \u2013 jak mu pom\u00f3c?<\/a>\n                            <\/h2>\n                            <div class=\"jeg_post_meta\"><span class=\"jeg_meta_date\">1 tydzie\u0144 temu<\/span><\/div>\n                        <\/div>\n                    <\/div>\n                <\/div><\/div><div class=\"jeg_slide_item_wrapper\"><div class=\"jeg_slide_item format-standard\" style=\"background-image: url(https:\/\/www.greg.pl\/blog\/wp-content\/uploads\/2026\/08\/dziecko-pakuje-plecak-1140x815.jpg)\">\n\t\t\t\t\t\n                    \n                    <div class=\"jeg_slide_caption\">\n                        <div class=\"jeg_caption_container\">\n                            <div class=\"jeg_post_category\">\n                                <a href=\"https:\/\/www.greg.pl\/blog\/kategoria\/o-lekturach\/\" class=\"category-o-lekturach\">O lekturach<\/a>\n                            <\/div>\n                            <h2 class=\"jeg_post_title\">\n                                <a href=\"https:\/\/www.greg.pl\/blog\/wyprawka-szkolna-to-nie-wszystko-jak-przygotowac-dziecko-do-nowego-roku-szkolnego\/\">Wyprawka szkolna to nie wszystko. Jak przygotowa\u0107 dziecko do nowego roku szkolnego?<\/a>\n                            <\/h2>\n                            <div class=\"jeg_post_meta\"><span class=\"jeg_meta_date\">4 tygodnie temu<\/span><\/div>\n                        <\/div>\n                    <\/div>\n                <\/div><\/div><div class=\"jeg_slide_item_wrapper\"><div class=\"jeg_slide_item format-standard\" style=\"background-image: url(https:\/\/www.greg.pl\/blog\/wp-content\/uploads\/2026\/07\/tata-przytula-synka-przed-szkola-1140x815.jpg)\">\n\t\t\t\t\t\n                    \n                    <div class=\"jeg_slide_caption\">\n                        <div class=\"jeg_caption_container\">\n                            <div class=\"jeg_post_category\">\n                                <a href=\"https:\/\/www.greg.pl\/blog\/kategoria\/dla-dzieci\/\" class=\"category-dla-dzieci\">Dla dzieci<\/a>\n                            <\/div>\n                            <h2 class=\"jeg_post_title\">\n                                <a href=\"https:\/\/www.greg.pl\/blog\/jak-przygotowac-dziecko-do-4-klasy\/\">Jak przygotowa\u0107 dziecko do 4 klasy?<\/a>\n                            <\/h2>\n                            <div class=\"jeg_post_meta\"><span class=\"jeg_meta_date\">1 miesi\u0105c temu<\/span><\/div>\n                        <\/div>\n                    <\/div>\n                <\/div><\/div><div class=\"jeg_slide_item_wrapper\"><div class=\"jeg_slide_item format-standard\" style=\"background-image: url(https:\/\/www.greg.pl\/blog\/wp-content\/uploads\/2026\/07\/dziecko-z-ksiazka-na-plazy-1140x815.jpg)\">\n\t\t\t\t\t\n                    \n                    <div class=\"jeg_slide_caption\">\n                        <div class=\"jeg_caption_container\">\n                            <div class=\"jeg_post_category\">\n                                <a href=\"https:\/\/www.greg.pl\/blog\/kategoria\/dla-dzieci\/\" class=\"category-dla-dzieci\">Dla dzieci<\/a>\n                            <\/div>\n                            <h2 class=\"jeg_post_title\">\n                                <a href=\"https:\/\/www.greg.pl\/blog\/jak-wspierac-rozwoj-dziecka-latem-nie-odbierajac-mu-wakacji\/\">Jak wspiera\u0107 rozw\u00f3j dziecka latem, nie odbieraj\u0105c mu wakacji?<\/a>\n                            <\/h2>\n                            <div class=\"jeg_post_meta\"><span class=\"jeg_meta_date\">2 miesi\u0105ce temu<\/span><\/div>\n                        <\/div>\n                    <\/div>\n                <\/div><\/div>\n                    <\/div>\n                <\/div>[\/vc_column][\/vc_row]<\/p>\n<\/section>","protected":false},"excerpt":{"rendered":"<p>[vc_row][vc_column][\/vc_column][\/vc_row]<\/p>\n","protected":false},"author":1,"featured_media":0,"parent":0,"menu_order":0,"comment_status":"closed","ping_status":"closed","template":"template-builder.php","meta":{"_acf_changed":false,"iawp_total_views":1535,"jnews_page_loop":{"enable_page_loop":"1","first_title":"","second_title":"","header_type":"heading_7","header_background":"","header_text_color":"","layout":"right-sidebar","sidebar":"home","second_sidebar":"default-sidebar","sticky_sidebar":"1","module":"12","boxed":"0","boxed_shadow":"0","box_shadow":"0","excerpt_length":"20","content_date":"ago","date_custom":"Y\/m\/d","content_pagination":"nav_1","pagination_align":"center","show_navtext":"0","show_pageinfo":"0","post_offset":"3","posts_per_page":"10","include_post":"","exclude_post":"","include_category":"","exclude_category":"","include_author":"","include_tag":"","exclude_tag":"","sort_by":"latest"},"jnews_single_page":{"layout":"no-sidebar","sidebar":"default-sidebar","second_sidebar":"default-sidebar","sticky_sidebar":"1","show_post_featured":"1","show_post_meta":"0","share_position":"top","share_color":"share-monocrhome"},"footnotes":""},"class_list":["post-55","page","type-page","status-publish","hentry"],"acf":[],"_links":{"self":[{"href":"https:\/\/www.greg.pl\/blog\/wp-json\/wp\/v2\/pages\/55","targetHints":{"allow":["GET"]}}],"collection":[{"href":"https:\/\/www.greg.pl\/blog\/wp-json\/wp\/v2\/pages"}],"about":[{"href":"https:\/\/www.greg.pl\/blog\/wp-json\/wp\/v2\/types\/page"}],"author":[{"embeddable":true,"href":"https:\/\/www.greg.pl\/blog\/wp-json\/wp\/v2\/users\/1"}],"replies":[{"embeddable":true,"href":"https:\/\/www.greg.pl\/blog\/wp-json\/wp\/v2\/comments?post=55"}],"version-history":[{"count":12,"href":"https:\/\/www.greg.pl\/blog\/wp-json\/wp\/v2\/pages\/55\/revisions"}],"predecessor-version":[{"id":1571,"href":"https:\/\/www.greg.pl\/blog\/wp-json\/wp\/v2\/pages\/55\/revisions\/1571"}],"wp:attachment":[{"href":"https:\/\/www.greg.pl\/blog\/wp-json\/wp\/v2\/media?parent=55"}],"curies":[{"name":"wp","href":"https:\/\/api.w.org\/{rel}","templated":true}]}}

<section class="wpb-content-wrapper"><p>[vc_row][vc_column]<div  class="jeg_slider_wrapper jeg_slider_type_4_wrapper jeg_owlslider jnews_module__0_6a94c606b3df6  ">
                    <div class="jeg_slider_type_4 jeg_slider" data-autoplay="" data-delay="3000">
                        <div class="jeg_slide_item_wrapper"><div class="jeg_slide_item format-standard" style="background-image: url(https://www.greg.pl/blog/wp-content/uploads/2026/08/napisane-kreda.png)">
					
                    
                    <div class="jeg_slide_caption">
                        <div class="jeg_caption_container">
                            <div class="jeg_post_category">
                                <a href="https://www.greg.pl/blog/kategoria/dla-rodzicow/" class="category-dla-rodzicow">Dla rodziców</a>
                            </div>
                            <h2 class="jeg_post_title">
                                <a href="https://www.greg.pl/blog/kompas-jutra-zmiany-w-podstawie-programowej-na-rok-2026-2027-co-powinni-wiedziec-rodzice/">Kompas Jutra – zmiany w podstawie programowej na rok 2026/2027. Co powinni wiedzieć rodzice?</a>
                            </h2>
                            <div class="jeg_post_meta"><span class="jeg_meta_date">2 dni temu</span></div>
                        </div>
                    </div>
                </div></div><div class="jeg_slide_item_wrapper"><div class="jeg_slide_item format-standard" style="background-image: url(https://www.greg.pl/blog/wp-content/uploads/2026/08/smutne-dziecko-boi-sie-szkoly-1140x815.jpg)">
					
                    
                    <div class="jeg_slide_caption">
                        <div class="jeg_caption_container">
                            <div class="jeg_post_category">
                                <a href="https://www.greg.pl/blog/kategoria/dla-dzieci/" class="category-dla-dzieci">Dla dzieci</a>
                            </div>
                            <h2 class="jeg_post_title">
                                <a href="https://www.greg.pl/blog/dziecko-boi-sie-wrocic-do-szkoly-po-wakacjach-jak-mu-pomoc/">Dziecko boi się wrócić do szkoły po wakacjach – jak mu pomóc?</a>
                            </h2>
                            <div class="jeg_post_meta"><span class="jeg_meta_date">1 tydzień temu</span></div>
                        </div>
                    </div>
                </div></div><div class="jeg_slide_item_wrapper"><div class="jeg_slide_item format-standard" style="background-image: url(https://www.greg.pl/blog/wp-content/uploads/2026/08/dziecko-pakuje-plecak-1140x815.jpg)">
					
                    
                    <div class="jeg_slide_caption">
                        <div class="jeg_caption_container">
                            <div class="jeg_post_category">
                                <a href="https://www.greg.pl/blog/kategoria/o-lekturach/" class="category-o-lekturach">O lekturach</a>
                            </div>
                            <h2 class="jeg_post_title">
                                <a href="https://www.greg.pl/blog/wyprawka-szkolna-to-nie-wszystko-jak-przygotowac-dziecko-do-nowego-roku-szkolnego/">Wyprawka szkolna to nie wszystko. Jak przygotować dziecko do nowego roku szkolnego?</a>
                            </h2>
                            <div class="jeg_post_meta"><span class="jeg_meta_date">4 tygodnie temu</span></div>
                        </div>
                    </div>
                </div></div><div class="jeg_slide_item_wrapper"><div class="jeg_slide_item format-standard" style="background-image: url(https://www.greg.pl/blog/wp-content/uploads/2026/07/tata-przytula-synka-przed-szkola-1140x815.jpg)">
					
                    
                    <div class="jeg_slide_caption">
                        <div class="jeg_caption_container">
                            <div class="jeg_post_category">
                                <a href="https://www.greg.pl/blog/kategoria/dla-dzieci/" class="category-dla-dzieci">Dla dzieci</a>
                            </div>
                            <h2 class="jeg_post_title">
                                <a href="https://www.greg.pl/blog/jak-przygotowac-dziecko-do-4-klasy/">Jak przygotować dziecko do 4 klasy?</a>
                            </h2>
                            <div class="jeg_post_meta"><span class="jeg_meta_date">1 miesiąc temu</span></div>
                        </div>
                    </div>
                </div></div><div class="jeg_slide_item_wrapper"><div class="jeg_slide_item format-standard" style="background-image: url(https://www.greg.pl/blog/wp-content/uploads/2026/07/dziecko-z-ksiazka-na-plazy-1140x815.jpg)">
					
                    
                    <div class="jeg_slide_caption">
                        <div class="jeg_caption_container">
                            <div class="jeg_post_category">
                                <a href="https://www.greg.pl/blog/kategoria/dla-dzieci/" class="category-dla-dzieci">Dla dzieci</a>
                            </div>
                            <h2 class="jeg_post_title">
                                <a href="https://www.greg.pl/blog/jak-wspierac-rozwoj-dziecka-latem-nie-odbierajac-mu-wakacji/">Jak wspierać rozwój dziecka latem, nie odbierając mu wakacji?</a>
                            </h2>
                            <div class="jeg_post_meta"><span class="jeg_meta_date">2 miesiące temu</span></div>
                        </div>
                    </div>
                </div></div>
                    </div>
                </div>[/vc_column][/vc_row]</p>
</section>
